)?
-7
What is -11 + (-1 - (-4 + 29 + -13))?
-24
-48 - (1 - (-12 - (7 - 35)))
-33
Evaluate 10 + -19 + (3 - -1).
-5
Calculate (-15 - -1 - -28) + (4 - 1).
17
Evaluate (-15 - (9 - 3)) + -3.
-24
What is -2 - 22 - (-46 + 39)?
-17
Calculate 1 + -13 + (-115 - -137) - (0 + -25).
35
What is the value of 33 - (-25 - -56) - (0 - 5)?
7
What is -1 + 10 + -28 - (-4 + -6 + 2)?
-11
What is 67 - 58 - ((-1 - 2) + -2)?
14
Calculate (-23 - -17) + (28 - 17) - 15.
-10
Evaluate -12 + 2 + 3 - (-19 - -13).
-1
What is 4 + 2 + (0 + 7 - 5)?
8
What is the value of 21 + (-6 - 1) + (9 - (14 + -9))?
18
Evaluate (-1 - 3 - -13) + (1 - 17) + -20.
-27
Evaluate (-16 - -47) + (-3 - -9) + -4 + -13.
20
-8 + 20 - 11 - 16
-15
What is 24 + (-17 - (-13 - (-18 - -8) - 5))?
15
Calculate 4 - -7 - 22 - -12.
1
-48 + 39 + (-1 - -18 - 2) + 8
14
(-2 - -1) + (10 - (-7 + 13 + -5))
8
-18 + -6 + (66 - 44)
-2
-192 - -173 - (-3 - (2 + 6))
-8
Evaluate 5 + 9 - (10 - -18).
-14
What is the value of 5 + 9 + (54 - 46)?
22
Evaluate 26 + -1 + -6 + (-14 - (-11 - 6)).
22
What is (42 - 1) + (657 - 692)?
6
What is 1 - -8 - (-154 - -154)?
9
-20 - (-28 - (-11 - 7))
-10
Evaluate 9 + (-20 - -4) - -17 - 14.
-4
Evaluate (-22 - -8) + 9 + -5.
-10
Calculate -3 - 37 - (-168 + 148).
-20
Calculate 1 - (-92 - -91 - (1 + -22)).
-19
(0 - (84 - 85 - (-1 - 0))) + -7
-7
What is the value of -36 + 36 + 5 - (11 + 0)?
-6
-22 + -2 + 3 + -7 + 4
-24
Evaluate 58 + (-28 + -23 - -13).
20
Calculate -38 + 46 + -13 + (0 - 1).
-6
Calculate -30 - (-7 - -3) - -13 - -19.
6
Evaluate (6 - (-1 - -33 - -7)) + 2.
-31
Calculate (3 - ((29 - 33) + 11 + -1)) + 2.
-1
What is the value of -24 + (-2 - -2 - 2) - (-2733 + 2740)?
-33
Calculate (2 - -2) + 2 + -3 - (-14 - -7).
10
Calculate -10 - 2 - (2 - (-2 + -1)).
-17
What is the value of 1 + 8 + 6 + -13 + -4?
-2
-2 + 15 + (-109 - -109)
13
What is 10 + -18 + (-7 + 43 + -7 - 6)?
15
-3 - ((1 - (15 + -9)) + -4)
6
What is 10 + -15 + 4 + 7 + 11?
17
Calculate 44 + -31 - (-1 - -4).
10
(29 - 12) + 1 + 14
32
What is the value of -26 - (23 + -1 + -22)?
-26
(-12 - (-12 + 12)) + 14
2
What is the value of 4 - (-3 + 0 + 9 + -7 + -1)?
6
37 - ((-23 - -19) + 11 + -7 + 11)
26
(11 - 5 - 3) + (1 - 14 - 3)
-13
6 + -16 + 0 + (0 - 5)
-15
-26 + 26 - (-4 - (-14 + -3))
-13
Calculate 13 + (11 - 35) + 6.
-5
What is -12 - 0 - (-20 + 7) - (5 + 5)?
-9
(-21 + 11 - (0 + 0)) + (55 - 58)
-13
Calculate 15 - ((32 - (8 - 7)) + -13).
-3
Evaluate (0 - 4) + 3 + 13 + -4.
8
-16 - (30 - 46 - -7)
-7
Calculate -1 - (6 + 1 + 5 + -7 + -16).
10
Calculate 4 + -26 - (-10 + 16 + -14).
-14
What is the value of (12 + (-6 - 1) - -13) + 7?
25
What is the value of 0 - 18 - (-56 + 48) - -6?
-4
What is -16 + (13 - -2) + -3?
-4
What is the value of -18 + (0 - 9 - -37)?
10
-35 - (14 + -9 + -20)
-20
Calculate (43 - 13 - 34) + 3 + -14.
-15
9 - ((-26 - -31) + 7)
-3
What is the value of -9 + (7 - (-4 - (-13 + 1)))?
-10
What is the value of -33 + 42 - (4 - -2 - 1)?
4
Calculate 253 + -228 - (1 + 5).
19
-51 - -59 - (1 + 7) - -11
11
What is -1 - (4 + 0 + -8 + -2 - -9)?
-4
Calculate 11 + (-6 - 1 - 5) - (1 + 26).
-28
What is the value of -17 - (-24 - -23) - 3?
-19
Evaluate 8 - (18 + (-10 - (-7 - -4))).
-3
-3 + 25 + (8 - (11 + -1))
20
0 - -1 - (-11 - (-39 - -37))
10
What is the value of 1861 + -1872 - (4 - (1 - 1 - -1))?
-14
What is the value of -1 + -24 + (22 - (1 + 10))?
-14
What is -2 - (0 - 2) - (4 - -2)?
-6
Evaluate 30 - 25 - -6 - (5 - (0 - 0)).
6
Calculate 14 + -24 - -11 - (1 - -1) - -16.
15
What is 33 + 0 - (-51 - (25 - 76))?
33
What is the value of 85 - 75 - ((1 - -3) + 13) - -7?
0
What is the value of 17 + -32 + 53 + -44?
-6
What is -9 + (0 + 1 - (25 + (-53 - -19)))?
1
Evaluate -13 + (36 - 18) + -1 + -1.
3
What is the value of 3 + 4 + 4 + 19 + -3 + -9?
18
Calculate (-31 - (11 - (6 + 18))) + 1 + 4.
-13
What is the value of 15 - (23 + -33 + 9)?
16
What is 2 + 5 + (-13 - (2 - 7) - 6)?
-7
What is -8 + (-4 + 11 - (3 + 4 + -4))?
-4
Evaluate -7 - (19 - (27 - 15)).
-14
What is the value of 20 - (41 - 30) - -5?
14
Calculate 0 - -11 - ((1 - (-22 + 9)) + -12).
9
Evaluate 20 - 9 - -10 - 19 - 9.
-7
What is the value of -1 + 6 + (-8 - (0 + -10)) + -7?
0
What is the value of (8 - 9 - 15) + 10?
-6
What is the value of -14 + (-2 - -2) + (-9 + 21 - 19)?
-21
Evaluate -7 - (3 + -8 + 9 - 10).
-1
What is the value of 10 + -11 + -26 + 24?
-3
Calculate 43 - 71 - (-4 - 15).
-9
What is (0 - (18 - 7 - 16)) + -7?
-2
What is the value of 6 + -11 + 5 + (1 - 9) + -7?
-15
Evaluate (-17 + 28 - 34) + 12.
-11
-8 - (-25 - 7) - 33
-9
What is (1 - -8) + 3 - (-224 + 217)?
19
14 - (-14 - -11) - -5
22
Evaluate 99 + -84 + (-3 - -3 - -1) + 5.
21
What is the value of (1 - (7 + -5)) + 8 - 3?
4
What is the value of -2 + (-4 - (-9 - -2))?
1
What is 2 + -14 + (-44 - -51 - (-1 - -10))?
-14
What is the value of -43 - -5 - (-61 + 38)?
-15
What is 7 - -6 - (-28 + 38)?
3
What is the value of 0 + (5 - 5) + 0 + 1 + -4?
-3
Calculate 0 + -1 + (-91 - -77).
-15
What is -4 - ((-6 - -12) + -11) - -9?
10
-7 + 16 + -3 + 4 + -14 - 2
-6
Calculate (20 - -5) + -8 + -6.
11
What is the value of -13 + 2 + (-30 - (-25 - 7))?
-9
What is 10 + -3 + (-14 - -14)?
7
((-1 - 0) + 7 + -3 - 8) + 6
1
Evaluate -8 + -25 + 46 + 0.
13
What is -18 - (-35 - -15) - (1 + 5)?
-4
What is -19 - ((-27 - -25) + -42)?
25
Evaluate -19 - (-46 + (31 - 25)).
21
Calculate (-8 - -24) + -22 + -15.
-21
Evaluate -13 + 24 + -17 + (9 - (3 - 2)).
2
Calculate -9 - (-61 + 24) - 46.
-18
11 + (7 - 26) + (-2 - -3 - 3)
-10
What is the value of 17 + -17 - (0 - -5) - -3 - 5?
-7
Calculate -30 + 3 - (120 - 123).
-24
What is the value of (-656 - -679) + 1 + -26?
-2
What is -6 + (-41 - -23) + -2 + 10?
-16
-13 + (6 - -2) - (-8 - 1 - -5)
-1
What is -15 + (-10 - (23 + -60))?
12
Evaluate 17 + 0 - (64 + -59).
12
What is 23 + -13 + -13 - (5 + -1)?
-7
What is 10 - ((5 - -38) + 21 + -28)?
-26
139 - 147 - (-11 + 0 + 0)
3
Evaluate (1 - (0 + 2 + 2)) + -14 + 11.
-6
What is the value of -1 + 9 - (-32 - -29)?
11
What is (-259 - -263) + -2 + 29?
31
-1 + -8 + 1 - (-385 + 369)
8
What is 18 + (18 - 34) + 7 + 1?
10
What is -6 + (13 - 11) + 9?
5
What is (4 - -8) + (2 - 1) + 11?
24
(-14 - -16) + (-2 - (-7 + (-4 - -5)))
6
Evaluate 7 - (10 + -6 + 11 + 3).
-11
What is the value of (-8 - -26) + (-1 - -3) + 2?
22
Evaluate -21 + (-2 - -5) + (3 - -4).
-11
(2 - 33) + (391 - 378)
-18
Calculate -230 + 222 + 1 + 9.
2
Evaluate (66 - 105) + (1 - -19) + 1.
-18
56 + -45 + (6 - (-5 + 10))
12
Evaluate -16 + 3 - (3 + -5 + (-3 - 0)).
-8
Calculate -24 + 5 - 6 - (-17 + 1).
-9
What is the value of 5 + -7 + -5 - (-20 - -14)?
-1
7 + -13 + 4 - 10 - -5
-7
1 - (-1 + -6 + 26 + -7)
-11
(5 - 9 - -2) + (-12 + 32 - 8)
10
12 + -1 + -32 + 16 + 11
6
What is -159 - -172 - (-12 + 8)?
17
Evaluate (2 + -3 - (1 - 7)) + -18 + 3.
-10
Calculate -26 + (33 - (-30 + 43)).
-6
Evaluate 11 + -7 + -11 + 25.
18
What is 1 - 2 - (-99 - -88)?
10
(0 - 12) + (-178 - -207) - -5
22
What is the value of 7 - (2 - (-26 + 17))?
-4
Evaluate (6 - (11 + -9 + 5)) + 11 + 0.
10
What is -13 - -29 - 12 - (7 + 2)?
-5
Calculate -5 - ((-1 - 1 - 13 - -4) + -6).
12
2 - -1 - (17 + -7)
-7
What is the value of -223 + 215 + (4 - 2 - -6)?
0
Calculate -3 + (11 - (-16 + (4 - (0 + -4)))).
16
353 - 349 - (-2 - 17)
23
What is the value of 2 - -4 - (-2 + (9 - (-12 + 21)))?
8
-10 - 14 - -16 - 8
-16
-4 + 27 + 0 + (-4 + 9 - 13)
15
What is the value of 4 + 44 + -39 + (15 - 1)?
23
Calculate 5 + -25 - -9 - -6.
-5
Calculate (-2 - -4) + 0 + (14 - 9 - 1).
6
Calculate -2 + (14 - (21 - 9)).
0
What is the value of -1 - (12 + 4) - -2?
-15
0 - -5 - (-6 + (3 - -5))
3
What is the value of 0 - (-16 - -8) - (2 - -2)?
4
Evaluate -13 + -36 + 9 + 13.
-27
Calculate 27 - (11 + -35 - -34).
17
Evaluate -47 - -34 - (-8 + 1).
-6
Evaluate -1 + (-2 - (2 + 4 + -12)) + -3.
0
Evaluate -9 + -1 + -29 + 35.
-4
What is 4 - 39 - (-48 + 25)?
-12
Evaluate -30 + 11 + 10 + 2 + (0 - 3).
-10
Calculate 1 + -7 + 2 + -2 - (-1 + 6).
-11
Evaluate 9 + (5 - 7) + (4 - 17 - -2).
-4
(0 - -2) + 13 + (-35 - -5)
-15
Calculate 49 + -50 + 0 + (3 - 4 - -4).
2
Calculate (14 - 0) + (-246 - -232).
0
What is 10 + (13 + 1 - 13)?
11
-8 + 28 + 38 + -68
-10
Evaluate 6 - (-17 + 19 - (1 + 0)).
5
What is the value of 3 + -6 - 7 - (19 - 29)?
0
16 + -30 + (6 - -5)
-3
Calculate -5 - (-18 - (15 - 49) - 9).
-12
What is the value of 27 + -72 + (13 - (2 + -4))?
-30
